{"id":989308,"date":"2022-03-26T07:37:02","date_gmt":"2022-03-26T07:37:02","guid":{"rendered":"https:\/\/www.ebikers.sk\/produkt\/e-bike-crussis-e-largo-7-7-m-model-2022\/"},"modified":"2026-02-24T13:58:17","modified_gmt":"2026-02-24T13:58:17","slug":"e-bicikli-crussis-e-largo-7-7-m-model-2022","status":"publish","type":"product","link":"https:\/\/www.ebikers.sk\/hu\/produkt\/e-bicikli-crussis-e-largo-7-7-m-model-2022\/","title":{"rendered":"E-bicikli Crussis e-Largo 7.7 \u2013 M model 2022"},"content":{"rendered":"<div class=\"vgblk-rw-wrapper limit-wrapper\"><p><b>Az elektromos ker\u00e9kp\u00e1rt\u00a0<\/b>az\u00e9rt fejlesztett\u00e9k ki, hogy kir\u00e1ndulhassunk a\u00a0<strong>term\u00e9szetbe\u00a0<\/strong>is, j\u00e1rt \u00e9s j\u00e1rhatatlan utakon, s\u00edk, vagy dombos terepen, a hegyekben \u00e9s olyan helyeken, ahova saj\u00e1t ker\u00e9kp\u00e1ron m\u00e1sk\u00fcl\u00f6nben nem mer\u00e9szkedn\u00e9nk el.<\/p>\n<p>A Bafang elektromotor teljes\u00edtm\u00e9nye 250 W, eg\u00e9szen 80 Nm-es nyomat\u00e9kkal. A Panasonic akkumul\u00e1tor kapacit\u00e1sa 630 Wh, ami ak\u00e1r 150 km-es \u00fat megt\u00e9tel\u00e9t is lehet\u0151v\u00e9 teszi.\u00a0 A v\u00e1z nagys\u00e1ga 20&#8243;, a kerekek nagys\u00e1ga 27,5&#8243;.<\/p>\n<ul>\n<li><strong>Az ide\u00e1lis magass\u00e1g: 160-175 cm<\/strong><\/li>\n<li><strong>Teherb\u00edr\u00e1s eg\u00e9szen 120 kg-ig<\/strong><\/li>\n<\/ul>\n\t\t\t\t\t\t\t<img decoding=\"async\" width=\"1108\" height=\"564\" src=\"http:\/\/www.ebikers.sk\/wp-content\/uploads\/2022\/03\/crussisjagr.jpg\" alt=\"crussisjagr\" itemprop=\"image\" title=\"crussisjagr\" onerror=\"this.style.display='none'\"  sizes=\"(max-width: 768px) 100vw, 100vw\" srcset=\"https:\/\/www.ebikers.sk\/wp-content\/uploads\/2022\/03\/crussisjagr.jpg 1108w, https:\/\/www.ebikers.sk\/wp-content\/uploads\/2022\/03\/crussisjagr-420x214.jpg 420w, https:\/\/www.ebikers.sk\/wp-content\/uploads\/2022\/03\/crussisjagr-630x321.jpg 630w, https:\/\/www.ebikers.sk\/wp-content\/uploads\/2022\/03\/crussisjagr-300x153.jpg 300w, https:\/\/www.ebikers.sk\/wp-content\/uploads\/2022\/03\/crussisjagr-1024x521.jpg 1024w, https:\/\/www.ebikers.sk\/wp-content\/uploads\/2022\/03\/crussisjagr-768x391.jpg 768w, https:\/\/www.ebikers.sk\/wp-content\/uploads\/2022\/03\/crussisjagr-840x428.jpg 840w, https:\/\/www.ebikers.sk\/wp-content\/uploads\/2022\/03\/crussisjagr-315x160.jpg 315w\" \/>\t\t\t\t\t\t\t\n\t<p><a href=\"https:\/\/www.ebikers.sk\/hu\/e-bike-berles-rimavska-sobota\/a-kerekparozas-szabalyai-es-biztonsaga\/\">A ker\u00e9kp\u00e1roz\u00e1s szab\u00e1lyai \u00e9s a biztons\u00e1g \u2192<\/a><\/p>\n<h4>\n\tAz e-ker\u00e9kp\u00e1rok k\u00f6lcs\u00f6nz\u00e9s d\u00edja tartalmazza:\n\t<\/h4>\n<h6>\n\t-10% KEDVEZM\u00c9NY CSAL\u00c1DOK R\u00c9SZ\u00c9RE\n\t<\/h6>\n<h3>\n\tK\u00d3D: RODINA10\n\t<\/h3>\n\t\t\t\t\t\t\t<img decoding=\"async\" src=\"https:\/\/www.ebikers.sk\/wp-content\/uploads\/2022\/03\/66-cycling-removebg-preview-420x323.png\" alt=\"66-cycling--removebg-preview\" itemprop=\"image\" height=\"323\" width=\"420\" title=\"66-cycling--removebg-preview\" onerror=\"this.style.display='none'\" srcset=\"https:\/\/www.ebikers.sk\/wp-content\/uploads\/2022\/03\/66-cycling-removebg-preview-420x323.png 420w, https:\/\/www.ebikers.sk\/wp-content\/uploads\/2022\/03\/66-cycling-removebg-preview-315x242.png 315w\" sizes=\"(max-width: 420px) 100vw, 420px\" \/>\t\t\t\t\t\t\t\n<h6>\n\t-10% KEDVEZM\u00c9NY A HELYI LAKOSS\u00c1G R\u00c9SZ\u00c9RE\n\t<\/h6>\n<h3>\n\tK\u00d3D: REZIDENT10\n\t<\/h3><\/div><!-- .vgblk-rw-wrapper -->","protected":false},"excerpt":{"rendered":"<ul>\n<li><strong>10% kedvezm\u00e9ny gyermekes r\u00e9sz\u00e9re<\/strong>\u00a0(k\u00e9t feln\u0151tt szem\u00e9ly k\u00e9t gyermekkel 18 \u00e9ves korig)<\/li>\n<li><strong>10% kedvezm\u00e9ny rimaszombati \u00e1lland\u00f3 lakhellyel rendelkez\u0151knek<\/strong>\u00a0(szem\u00e9ly igazolv\u00e1nnyal igazoland\u00f3)<\/li>\n<li><strong>10 vagy t\u00f6bb ker\u00e9kp\u00e1r kik\u00f6lcs\u00f6nz\u00e9se eset\u00e9n szem\u00e9lyre szabott kedvezm\u00e9nyek!<\/strong><\/li>\n<\/ul>\n<h4 style=\"color: #5e9ca0;\"><span style=\"color: #ff6600;\"><strong>Az e-ker\u00e9p\u00e1rokat legal\u00e1bb 24 \u00f3r\u00e1val el\u0151re kell foglalni! Meg\u00e9rt\u00e9s\u00fcket k\u00f6sz\u00f6nj\u00fck!<\/strong><\/span><\/h4>\n","protected":false},"featured_media":989217,"comment_status":"closed","ping_status":"closed","template":"","meta":{"inline_featured_image":false},"product_cat":[326],"product_tag":[],"class_list":{"0":"post-989308","1":"product","2":"type-product","3":"status-publish","4":"has-post-thumbnail","6":"product_cat-e-kerekparok","8":"first","9":"instock","10":"taxable","11":"shipping-taxable","12":"purchasable","13":"product-type-redq_rental"},"_links":{"self":[{"href":"https:\/\/www.ebikers.sk\/hu\/wp-json\/wp\/v2\/product\/989308"}],"collection":[{"href":"https:\/\/www.ebikers.sk\/hu\/wp-json\/wp\/v2\/product"}],"about":[{"href":"https:\/\/www.ebikers.sk\/hu\/wp-json\/wp\/v2\/types\/product"}],"replies":[{"embeddable":true,"href":"https:\/\/www.ebikers.sk\/hu\/wp-json\/wp\/v2\/comments?post=989308"}],"wp:featuredmedia":[{"embeddable":true,"href":"https:\/\/www.ebikers.sk\/hu\/wp-json\/wp\/v2\/media\/989217"}],"wp:attachment":[{"href":"https:\/\/www.ebikers.sk\/hu\/wp-json\/wp\/v2\/media?parent=989308"}],"wp:term":[{"taxonomy":"product_cat","embeddable":true,"href":"https:\/\/www.ebikers.sk\/hu\/wp-json\/wp\/v2\/product_cat?post=989308"},{"taxonomy":"product_tag","embeddable":true,"href":"https:\/\/www.ebikers.sk\/hu\/wp-json\/wp\/v2\/product_tag?post=989308"}],"curies":[{"name":"wp","href":"https:\/\/api.w.org\/{rel}","templated":true}]}}

<div class="vgblk-rw-wrapper limit-wrapper"><p><b>Az elektromos kerékpárt </b>azért fejlesztették ki, hogy kirándulhassunk a <strong>természetbe </strong>is, járt és járhatatlan utakon, sík, vagy dombos terepen, a hegyekben és olyan helyeken, ahova saját kerékpáron máskülönben nem merészkednénk el.</p>
<p>A Bafang elektromotor teljesítménye 250 W, egészen 80 Nm-es nyomatékkal. A Panasonic akkumulátor kapacitása 630 Wh, ami akár 150 km-es út megtételét is lehetővé teszi.  A váz nagysága 20&#8243;, a kerekek nagysága 27,5&#8243;.</p>
<ul>
<li><strong>Az ideális magasság: 160-175 cm</strong></li>
<li><strong>Teherbírás egészen 120 kg-ig</strong></li>
</ul>
							<img decoding="async" width="1108" height="564" src="http://www.ebikers.sk/wp-content/uploads/2022/03/crussisjagr.jpg" alt="crussisjagr" itemprop="image" title="crussisjagr" onerror="this.style.display='none'"  sizes="(max-width: 768px) 100vw, 100vw" srcset="https://www.ebikers.sk/wp-content/uploads/2022/03/crussisjagr.jpg 1108w, https://www.ebikers.sk/wp-content/uploads/2022/03/crussisjagr-420x214.jpg 420w, https://www.ebikers.sk/wp-content/uploads/2022/03/crussisjagr-630x321.jpg 630w, https://www.ebikers.sk/wp-content/uploads/2022/03/crussisjagr-300x153.jpg 300w, https://www.ebikers.sk/wp-content/uploads/2022/03/crussisjagr-1024x521.jpg 1024w, https://www.ebikers.sk/wp-content/uploads/2022/03/crussisjagr-768x391.jpg 768w, https://www.ebikers.sk/wp-content/uploads/2022/03/crussisjagr-840x428.jpg 840w, https://www.ebikers.sk/wp-content/uploads/2022/03/crussisjagr-315x160.jpg 315w" />							
	<p><a href="https://www.ebikers.sk/hu/e-bike-berles-rimavska-sobota/a-kerekparozas-szabalyai-es-biztonsaga/">A kerékpározás szabályai és a biztonság →</a></p>
<h4>
	Az e-kerékpárok kölcsönzés díja tartalmazza:
	</h4>
<h6>
	-10% KEDVEZMÉNY CSALÁDOK RÉSZÉRE
	</h6>
<h3>
	KÓD: RODINA10
	</h3>
							<img decoding="async" src="https://www.ebikers.sk/wp-content/uploads/2022/03/66-cycling-removebg-preview-420x323.png" alt="66-cycling--removebg-preview" itemprop="image" height="323" width="420" title="66-cycling--removebg-preview" onerror="this.style.display='none'" srcset="https://www.ebikers.sk/wp-content/uploads/2022/03/66-cycling-removebg-preview-420x323.png 420w, https://www.ebikers.sk/wp-content/uploads/2022/03/66-cycling-removebg-preview-315x242.png 315w" sizes="(max-width: 420px) 100vw, 420px" />							
<h6>
	-10% KEDVEZMÉNY A HELYI LAKOSSÁG RÉSZÉRE
	</h6>
<h3>
	KÓD: REZIDENT10
	</h3></div><!-- .vgblk-rw-wrapper -->

<ul>
<li><strong>10% kedvezmény gyermekes részére</strong> (két felnőtt személy két gyermekkel 18 éves korig)</li>
<li><strong>10% kedvezmény rimaszombati állandó lakhellyel rendelkezőknek</strong> (személy igazolvánnyal igazolandó)</li>
<li><strong>10 vagy több kerékpár kikölcsönzése esetén személyre szabott kedvezmények!</strong></li>
</ul>
<h4 style="color: #5e9ca0;"><span style="color: #ff6600;"><strong>Az e-kerépárokat legalább 24 órával előre kell foglalni! Megértésüket köszönjük!</strong></span></h4>
