{"id":989592,"date":"2019-07-27T14:38:11","date_gmt":"2019-07-27T14:38:11","guid":{"rendered":"https:\/\/www.ebikers.sk\/zakladne-podmienky\/"},"modified":"2022-05-11T11:23:48","modified_gmt":"2022-05-11T11:23:48","slug":"alapveto-feltetelek","status":"publish","type":"page","link":"https:\/\/www.ebikers.sk\/hu\/alapveto-feltetelek\/","title":{"rendered":"ALAPVET\u0150 FELT\u00c9TELEK"},"content":{"rendered":"<div class=\"vgblk-rw-wrapper limit-wrapper\"><h2>\n\tZ\u00e1kladn\u00e9 podmienky zapo\u017ei\u010dania\n\t<\/h2>\n\t<ul>\n<li>Pri zapo\u017ei\u010dan\u00ed elektro bicyklov, alebo nosi\u010da na bicykle, je nutn\u00e9 zlo\u017ei\u0165 z\u00e1bezpeku v hotovosti 100,00 \u20ac pre ka\u017ed\u00fd kus zapo\u017ei\u010dan\u00e9ho elektro bicykla (pr\u00edpadne pod\u013ea dohody s po\u017ei\u010dov\u0148ou).<\/li>\n<\/ul>\n\t<ul>\n<li>Pri podpise zmluvy o n\u00e1jme elektro bicykla z\u00e1ujemcovia s\u00fa povinn\u00fd predlo\u017ei\u0165 dva doklady toto\u017enosti, z \u010doho jeden doklad mus\u00ed by\u0165 ob\u010diansky preukaz a dodato\u010dn\u00fd m\u00f4\u017ee by\u0165 napr. vodi\u010dsk\u00fd preukaz.<\/li>\n<\/ul>\n\t<ul>\n<li>Zmluvu o n\u00e1jme elektro bicykla m\u00f4\u017ee podpisova\u0165 iba plnolet\u00e1 osoba.<\/li>\n<\/ul>\n\t<ul>\n<li>Z\u00e1ujemcovia musia poda\u0165 s\u00fahlas so spracovan\u00edm osobn\u00fdch \u00fadajov a so v\u0161eobecn\u00fdmi podmienkami n\u00e1jmu elektro bicykla.<\/li>\n<\/ul>\n\t<ul>\n<li>Z\u00e1ujemcovia, ktor\u00ed s\u00fa opr\u00e1vnen\u00ed vyu\u017e\u00edva\u0165 snami stanoven\u00e9 z\u013eavy, pri vypo\u017ei\u010dan\u00ed elektro bicykla s\u00fa povinn\u00ed preuk\u00e1za\u0165 sa relevantn\u00fdm sp\u00f4sobom (ob\u010diansky preukaz, ka\u017ed\u00fd rodinn\u00fd pr\u00edslu\u0161n\u00edk mus\u00ed osobne prevzia\u0165 e-bicykel) o spr\u00e1vnosti vyu\u017eitia z\u013eavy.<\/li>\n<\/ul>\n\t<ul>\n<li>V pr\u00edpade, \u017ee chcete elektro bicykel prepravova\u0165 v aute, je potrebn\u00e9 ma\u0165 nosi\u010d na e-bike, \u010do si m\u00f4\u017eete aj od n\u00e1s vypo\u017ei\u010da\u0165.<\/li>\n<\/ul>\n\t<a href=\"https:\/\/www.ebikers.sk\/wp-content\/uploads\/2022\/03\/VOP-ZMLUVY-STORNO-PODMIENKY-EBIKERS.pdf\" target=\"_self\" role=\"button\" rel=\"noopener\">\n\t\t\t\t\tV\u0161eobecn\u00e9 podmienky n\u00e1jmu elektrobicykla\n\t<\/a>\n\t\t\t\t1\n<h4>\n\tRezerv\u00e1cia\n\t<\/h4>\n\t<p>Rezerv\u00e1ciu m\u00f4\u017eete urobi\u0165 najr\u00fdchlej\u0161ie cez rezerva\u010dn\u00fd syst\u00e9m, telefonicky, alebo cez n\u00e1\u0161 kontaktn\u00fd formul\u00e1r.<\/p>\n\t\t\t\t2\n<h4>\n\tPotvrdenie\n\t<\/h4>\n\t<p>Po odoslan\u00ed po\u017eiadavky na rezerv\u00e1ciu v\u00e1s budeme sp\u00e4tne kontaktova\u0165 e-mailom, v ktorom v\u00e1m na n\u00e1h\u013ead za\u0161leme zmluvu o pren\u00e1jme elektrobicykla.<\/p>\n\t\t\t\t3\n<h4>\n\tZapo\u017ei\u010danie\n\t<\/h4>\n\t<p>A m\u00f4\u017eete sa vyda\u0165 na va\u0161u cyklot\u00faru za pozn\u00e1van\u00edm a objavovan\u00edm svojho regi\u00f3nu.<\/p>\n\t\t\t\t4\n<h4>\n\tCyklot\u00fara\n\t<\/h4>\n\t<p>Rezerv\u00e1ciu m\u00f4\u017eete urobi\u0165 najr\u00fdchlej\u0161ie cez rezerva\u010dn\u00fd syst\u00e9m, telefonicky, alebo cez n\u00e1\u0161 kontaktn\u00fd formul\u00e1r.<\/p>\n\t\t\t\t5\n<h4>\n\tVr\u00e1tenie\n\t<\/h4>\n\t<p>Zapo\u017ei\u010dan\u00fd e-bicykel, po va\u0161ej kr\u00e1snej cyklot\u00fare, je potrebn\u00e9 vr\u00e1ti\u0165 v dohodnutom \u010dase sp\u00e4\u0165 na na\u0161e v\u00fddajn\u00e9 miesto.<\/p>\n<h4>\n\tV cene ka\u017ed\u00e9ho po\u017ei\u010dania ebicyklov:\n\t<\/h4>\n\t<p><a href=\"\/pravidla-a-bezpecnost-bicyklovania\/\">Pravidl\u00e1 a bezpe\u010dnos\u0165 bicyklovania \u2192<\/a><\/p>\n<h6>\n\t-10% Z\u013dAVA &#8211; REZIDENTI\n\t<\/h6>\n<h3>\n\tK\u00d3D: RODINA10\n\t<\/h3>\n<h6>\n\t-10% Z\u013dAVA &#8211; REZIDENTI\n\t<\/h6>\n<h3>\n\tK\u00d3D: REZIDENT10\n\t<\/h3>\n\t\t\t\t\t\t\t<img decoding=\"async\" width=\"329\" height=\"174\" src=\"http:\/\/www.ebikers.sk\/wp-content\/uploads\/2018\/08\/illustration-bike-duo.svg\" alt=\"E-bike pre rodinu\" itemprop=\"image\" title=\"E-bike pre rodinu\" onerror=\"this.style.display='none'\">\t\t\t\t\t\t\t\n\t\t\t\t\t\t\t<img decoding=\"async\" width=\"1508\" height=\"23\" src=\"http:\/\/www.ebikers.sk\/wp-content\/uploads\/2018\/08\/footer-element-bottom.svg\" alt=\"footer-element-bottom\" itemprop=\"image\" title=\"footer-element-bottom\" onerror=\"this.style.display='none'\">\t\t\t\t\t\t\t\n<h2>\n\tCENN\u00cdK\n\t<\/h2>\n\t\t<h3>4 hodiny<\/h3>\n\t\t<p>Mo\u017enos\u0165 rezerv\u00e1cie doobeda,<br>od 8:00 do 12:00, alebo<br>poobede od 13:00 do 17:00<\/p>\n\t<a href=\"\" target=\"_self\" role=\"button\" rel=\"noopener\">\n\t\t\t\t\t20,- \u20ac\n\t<\/a>\n\n\t\t\t\t\t\t\t<img decoding=\"async\" width=\"1508\" height=\"23\" src=\"http:\/\/www.ebikers.sk\/wp-content\/uploads\/2018\/08\/footer-element-bottom.svg\" alt=\"footer-element-bottom\" itemprop=\"image\" title=\"footer-element-bottom\" onerror=\"this.style.display='none'\">\t\t\t\t\t\t\t\n\t\t<h3>1 de\u0148<\/h3>\n\t\t<p>Mo\u017enos\u0165 rezerv\u00e1cie flexibilne<br>Rezerv\u00e1cia na cel\u00fd 1 de\u0148,<br>od 8:00 do 19:00 hod<\/p>\n\t<a href=\"\" target=\"_self\" role=\"button\" rel=\"noopener\">\n\t\t\t\t\t30,- \u20ac\n\t<\/a>\n<style>\n\t\t\t.fl-node-,\n\t\t.fl-node- * {\n\t\t\tcolor: #ffffff;\n\t\t}\n\t\t\t\t.fl-node- .fl-module-content {\n\t\t\tbackground-color: var( --vamtam-accent-color-1 );\n\t\t}\n\t<\/style>\n\t\t\t\t\t\t\t<img decoding=\"async\" width=\"1508\" height=\"23\" src=\"http:\/\/www.ebikers.sk\/wp-content\/uploads\/2018\/08\/footer-element-bottom.svg\" alt=\"footer-element-bottom\" itemprop=\"image\" title=\"footer-element-bottom\" onerror=\"this.style.display='none'\">\t\t\t\t\t\t\t\n\t\t<h3>Cel\u00fd v\u00edkend<\/h3>\n\t\t<p>Mo\u017enos\u0165 rezerv\u00e1cie<br>od piatka 8:00 do soboty 19:00,<br>alebo od soboty 8:00 do nedele 19:00<\/p>\n\t<a href=\"\" target=\"_self\" role=\"button\" rel=\"noopener\">\n\t\t\t\t\t55,- \u20ac\n\t<\/a>\n\n\t\t\t\t\t\t\t<img decoding=\"async\" width=\"1508\" height=\"23\" src=\"http:\/\/www.ebikers.sk\/wp-content\/uploads\/2018\/08\/footer-element-bottom.svg\" alt=\"footer-element-bottom\" itemprop=\"image\" title=\"footer-element-bottom\" onerror=\"this.style.display='none'\">\t\t\t\t\t\t\t\n\t<a href=\"https:\/\/www.ebikers.sk\/pozicovna-ebikov-rimavska-sobota\/\" target=\"_self\" role=\"button\" rel=\"noopener\">\n\t\t\t\t\tREZERV\u00c1CIA  \u2192\n\t<\/a><\/div><!-- .vgblk-rw-wrapper -->","protected":false},"excerpt":{"rendered":"<p>Z\u00e1kladn\u00e9 podmienky zapo\u017ei\u010dania Pri zapo\u017ei\u010dan\u00ed elektro bicyklov, alebo nosi\u010da na bicykle, je nutn\u00e9 zlo\u017ei\u0165 z\u00e1bezpeku v hotovosti 100,00 \u20ac pre ka\u017ed\u00fd kus zapo\u017ei\u010dan\u00e9ho elektro bicykla (pr\u00edpadne pod\u013ea dohody s po\u017ei\u010dov\u0148ou). Pri podpise zmluvy o n\u00e1jme elektro bicykla z\u00e1ujemcovia s\u00fa povinn\u00fd predlo\u017ei\u0165 dva doklady toto\u017enosti, z \u010doho jeden doklad mus\u00ed by\u0165 ob\u010diansky preukaz a dodato\u010dn\u00fd m\u00f4\u017ee&#8230;<\/p>\n","protected":false},"author":1,"featured_media":0,"parent":0,"menu_order":0,"comment_status":"closed","ping_status":"closed","template":"","meta":{"inline_featured_image":false,"footnotes":""},"class_list":["post-989592","page","type-page","status-publish","hentry"],"_links":{"self":[{"href":"https:\/\/www.ebikers.sk\/hu\/wp-json\/wp\/v2\/pages\/989592"}],"collection":[{"href":"https:\/\/www.ebikers.sk\/hu\/wp-json\/wp\/v2\/pages"}],"about":[{"href":"https:\/\/www.ebikers.sk\/hu\/wp-json\/wp\/v2\/types\/page"}],"author":[{"embeddable":true,"href":"https:\/\/www.ebikers.sk\/hu\/wp-json\/wp\/v2\/users\/1"}],"replies":[{"embeddable":true,"href":"https:\/\/www.ebikers.sk\/hu\/wp-json\/wp\/v2\/comments?post=989592"}],"version-history":[{"count":1,"href":"https:\/\/www.ebikers.sk\/hu\/wp-json\/wp\/v2\/pages\/989592\/revisions"}],"predecessor-version":[{"id":989594,"href":"https:\/\/www.ebikers.sk\/hu\/wp-json\/wp\/v2\/pages\/989592\/revisions\/989594"}],"wp:attachment":[{"href":"https:\/\/www.ebikers.sk\/hu\/wp-json\/wp\/v2\/media?parent=989592"}],"curies":[{"name":"wp","href":"https:\/\/api.w.org\/{rel}","templated":true}]}}

ALAPVETŐ FELTÉTELEK

<div class="vgblk-rw-wrapper limit-wrapper"><h2>
	Základné podmienky zapožičania
	</h2>
	<ul>
<li>Pri zapožičaní elektro bicyklov, alebo nosiča na bicykle, je nutné zložiť zábezpeku v hotovosti 100,00 € pre každý kus zapožičaného elektro bicykla (prípadne podľa dohody s požičovňou).</li>
</ul>
	<ul>
<li>Pri podpise zmluvy o nájme elektro bicykla záujemcovia sú povinný predložiť dva doklady totožnosti, z čoho jeden doklad musí byť občiansky preukaz a dodatočný môže byť napr. vodičský preukaz.</li>
</ul>
	<ul>
<li>Zmluvu o nájme elektro bicykla môže podpisovať iba plnoletá osoba.</li>
</ul>
	<ul>
<li>Záujemcovia musia podať súhlas so spracovaním osobných údajov a so všeobecnými podmienkami nájmu elektro bicykla.</li>
</ul>
	<ul>
<li>Záujemcovia, ktorí sú oprávnení využívať snami stanovené zľavy, pri vypožičaní elektro bicykla sú povinní preukázať sa relevantným spôsobom (občiansky preukaz, každý rodinný príslušník musí osobne prevziať e-bicykel) o správnosti využitia zľavy.</li>
</ul>
	<ul>
<li>V prípade, že chcete elektro bicykel prepravovať v aute, je potrebné mať nosič na e-bike, čo si môžete aj od nás vypožičať.</li>
</ul>
	<a href="https://www.ebikers.sk/wp-content/uploads/2022/03/VOP-ZMLUVY-STORNO-PODMIENKY-EBIKERS.pdf" target="_self" role="button" rel="noopener">
					Všeobecné podmienky nájmu elektrobicykla
	</a>
				1
<h4>
	Rezervácia
	</h4>
	<p>Rezerváciu môžete urobiť najrýchlejšie cez rezervačný systém, telefonicky, alebo cez náš kontaktný formulár.</p>
				2
<h4>
	Potvrdenie
	</h4>
	<p>Po odoslaní požiadavky na rezerváciu vás budeme spätne kontaktovať e-mailom, v ktorom vám na náhľad zašleme zmluvu o prenájme elektrobicykla.</p>
				3
<h4>
	Zapožičanie
	</h4>
	<p>A môžete sa vydať na vašu cyklotúru za poznávaním a objavovaním svojho regiónu.</p>
				4
<h4>
	Cyklotúra
	</h4>
	<p>Rezerváciu môžete urobiť najrýchlejšie cez rezervačný systém, telefonicky, alebo cez náš kontaktný formulár.</p>
				5
<h4>
	Vrátenie
	</h4>
	<p>Zapožičaný e-bicykel, po vašej krásnej cyklotúre, je potrebné vrátiť v dohodnutom čase späť na naše výdajné miesto.</p>
<h4>
	V cene každého požičania ebicyklov:
	</h4>
	<p><a href="/pravidla-a-bezpecnost-bicyklovania/">Pravidlá a bezpečnosť bicyklovania →</a></p>
<h6>
	-10% ZĽAVA &#8211; REZIDENTI
	</h6>
<h3>
	KÓD: RODINA10
	</h3>
<h6>
	-10% ZĽAVA &#8211; REZIDENTI
	</h6>
<h3>
	KÓD: REZIDENT10
	</h3>
							<img decoding="async" width="329" height="174" src="http://www.ebikers.sk/wp-content/uploads/2018/08/illustration-bike-duo.svg" alt="E-bike pre rodinu" itemprop="image" title="E-bike pre rodinu" onerror="this.style.display='none'">							
							<img decoding="async" width="1508" height="23" src="http://www.ebikers.sk/wp-content/uploads/2018/08/footer-element-bottom.svg" alt="footer-element-bottom" itemprop="image" title="footer-element-bottom" onerror="this.style.display='none'">							
<h2>
	CENNÍK
	</h2>
		<h3>4 hodiny</h3>
		<p>Možnosť rezervácie doobeda,<br>od 8:00 do 12:00, alebo<br>poobede od 13:00 do 17:00</p>
	<a href="" target="_self" role="button" rel="noopener">
					20,- €
	</a>

							<img decoding="async" width="1508" height="23" src="http://www.ebikers.sk/wp-content/uploads/2018/08/footer-element-bottom.svg" alt="footer-element-bottom" itemprop="image" title="footer-element-bottom" onerror="this.style.display='none'">							
		<h3>1 deň</h3>
		<p>Možnosť rezervácie flexibilne<br>Rezervácia na celý 1 deň,<br>od 8:00 do 19:00 hod</p>
	<a href="" target="_self" role="button" rel="noopener">
					30,- €
	</a>
<style>
			.fl-node-,
		.fl-node- * {
			color: #ffffff;
		}
				.fl-node- .fl-module-content {
			background-color: var( --vamtam-accent-color-1 );
		}
	</style>
							<img decoding="async" width="1508" height="23" src="http://www.ebikers.sk/wp-content/uploads/2018/08/footer-element-bottom.svg" alt="footer-element-bottom" itemprop="image" title="footer-element-bottom" onerror="this.style.display='none'">							
		<h3>Celý víkend</h3>
		<p>Možnosť rezervácie<br>od piatka 8:00 do soboty 19:00,<br>alebo od soboty 8:00 do nedele 19:00</p>
	<a href="" target="_self" role="button" rel="noopener">
					55,- €
	</a>

							<img decoding="async" width="1508" height="23" src="http://www.ebikers.sk/wp-content/uploads/2018/08/footer-element-bottom.svg" alt="footer-element-bottom" itemprop="image" title="footer-element-bottom" onerror="this.style.display='none'">							
	<a href="https://www.ebikers.sk/pozicovna-ebikov-rimavska-sobota/" target="_self" role="button" rel="noopener">
					REZERVÁCIA  →
	</a></div><!-- .vgblk-rw-wrapper -->

<p>Základné podmienky zapožičania Pri zapožičaní elektro bicyklov, alebo nosiča na bicykle, je nutné zložiť zábezpeku v hotovosti 100,00 € pre každý kus zapožičaného elektro bicykla (prípadne podľa dohody s požičovňou). Pri podpise zmluvy o nájme elektro bicykla záujemcovia sú povinný predložiť dva doklady totožnosti, z čoho jeden doklad musí byť občiansky preukaz a dodatočný môže&#8230;</p>
